er when 66 is divided by a(-1)?
32
Let n(i) = 3*i**3 - 4*i**2 + i + 4. What is the remainder when n(4) is divided by 20?
16
Suppose -6*v + 7*v = 26. Calculate the remainder when 76 is divided by v.
24
Let f(z) = z**3 + 6*z**2 + 4*z + 4. Let m be f(-4). Suppose 71 - m = 3*s. Calculate the remainder when s is divided by 9.
8
Let x(p) = -3*p**3 + 2*p**3 - 2*p**2 + p**2 + 29. Suppose -3*s = -3*i - 2*s + 4, -4*s - 16 = -2*i. Calculate the remainder when x(i) is divided by 10.
9
Let d(n) be the third derivative of -n**4/12 - n**3/3 + n**2. Let t be 2 + (-10)/(-4)*-4. What is the remainder when d(t) is divided by 8?
6
Let v = 26 + -14. Calculate the remainder when 22 is divided by v.
10
Let c = 2 + 2. Suppose 4*j = -c, -3*o + 14 = 2*j - 14. Let i = 195 - 158. What is the remainder when i is divided by o?
7
Suppose -o + 74 = 10. Suppose -3*b = 0, -o = -6*u + 2*u + 2*b. What is the remainder when u is divided by 9?
7
Suppose -8*s = -6*s - 136. Calculate the remainder when s is divided by 24.
20
What is the remainder when 20 is divided by ((-6)/(-10))/(55/50 + -1)?
2
Suppose 0*h = -4*h + 16. Suppose 0 = 3*g - h*t + 8, 7*t - 8 = -3*g + 3*t. Let i = g - -8. What is the remainder when 23 is divided by i?
7
Let k(n) = -n**3 - n**2 + 3*n + 9. What is the remainder when k(-4) is divided by 25?
20
Let o(r) = r**3 + 7*r**2 + 9*r + 3. Calculate the remainder when 54 is divided by o(-4).
9
Suppose -4*b + 2*n + 166 + 74 = 0, -5*b + 287 = 4*n. Suppose 4*j - b = 49. Calculate the remainder when j is divided by 14.
13
Let n(y) = y**2 - y + 2. Let b be n(2). Let o be 0 + 2*2/b. Calculate the remainder when 17/o - (-3 + 4) is divided by 6.
4
Let b = 21 + -17. Suppose b*k = 9*k - 190. What is the remainder when k is divided by 10?
8
Suppose -1 = 5*c + 3*k, c = 4*c - 5*k - 13. Let g = 18 - 6. Calculate the remainder when 25 - (c + -2)*-2 is divided by g.
11
Suppose 0*a = 3*a - 369. Calculate the remainder when a is divided by 31.
30
Let w be 4/10 + (-13)/(-5). What is the remainder when (-94)/w*12/(-8) is divided by 16?
15
Suppose 4*f = -4*r + 16, 3*r - 4*f = -3*f. Let p = 1 + r. Suppose -4*v = -p*v - 50. Calculate the remainder when v is divided by 13.
12
Let m = -23 - -26. What is the remainder when 3 is divided by m?
0
Suppose -4*b + 19 - 3 = 0. Suppose l + 0*l = b*o - 28, 2*l - 28 = -4*o. What is the remainder when 26 is divided by o?
5
Suppose 21*h - 132 = 17*h. What is the remainder when h is divided by 9?
6
Suppose h + 4 = -0*h, 0 = -2*w + 4*h + 24. Suppose -5*y = b + 6, 0*y = -w*b + 4*y + 72. What is the remainder when 39 is divided by b?
11
Let p(m) = m**2 + 4*m - 9. What is the remainder when 43 is divided by p(4)?
20
Let n = -40 - -51. Calculate the remainder when n is divided by 7.
4
Suppose 2*l + 2*h = -0*h + 28, 0 = -3*l - 4*h + 47. What is the remainder when 26 is divided by l?
8
Suppose 5*s - 34 = 51. What is the remainder when s is divided by 10?
7
Let q(t) = t**2 - 3*t - 2. Let j be 27*2/(-4)*-2. Suppose 2*f = j + 19. Calculate the remainder when f is divided by q(5).
7
Let a(n) = n + 2. Let x be a(-2). Suppose -2*d + 6*d - 52 = x. Let h = 84 - 77. What is the remainder when d is divided by h?
6
Let m(w) = -w**3 - 16*w**2 - 17*w - 1. Let a be 2/5 - (-254)/(-10). Let z = a - -35. Calculate the remainder when m(-15) is divided by z.
9
Suppose 0 = -9*l + 208 + 26. What is the remainder when 76 is divided by l?
24
Suppose -3 + 0 = -n. Suppose -3*a = 2*a - 20. Calculate the remainder when a is divided by n.
1
Suppose 5*o + 2*t + 14 = 0, 4*o + 13 = 3*t - 12. What is the remainder when (-2)/o + 42/4 is divided by (-8)/(-6)*(-3)/(-1)?
3
Suppose 3*x - 2*g = 121, -3*x = -2*x - g - 39. Calculate the remainder when x is divided by 11.
10
Suppose 0 = -3*r + 47 + 43. Calculate the remainder when 148 is divided by r.
28
Let t(g) = -g**3 + 5*g**2 + 8*g - 7. Let y be t(6). Suppose 2*z - z = 4*m + 30, 35 = z - y*m. What is the remainder when 17 is divided by z?
7
Let t = -2 - -6. Suppose -2*b + t = -b. What is the remainder when 15 is divided by b?
3
Let g be 275/44 + (-1)/4. Let u = 0 - 0. Let c = g + u. What is the remainder when c is divided by 4?
2
Let u = -13 - -18. Let z(a) = -a**2 + 6*a - 3. Calculate the remainder when (-5)/(u/(-9)) + 0 is divided by z(2).
4
Let o = 8 + 13. Suppose 3 = 2*v - 77. Calculate the remainder when v is divided by o.
19
Let p(y) = 4*y**2 + 4*y + 2. Suppose -3*t + 19 = 1. Suppose -2*k - k = t. Calculate the remainder when p(k) is divided by 6.
4
Let f(y) = 3*y - 12. What is the remainder when f(12) is divided by 14?
10
Let s = -8 + 25. Let r(g) = g**2 - 6*g - 3. Let m be r(7). What is the remainder when s is divided by (-14 + -4)*(-2)/m?
8
Suppose 0 = -21*g + 16*g + 20. Calculate the remainder when 13 is divided by g.
1
Let x(n) = 7 + 13 - 1 - n - n**2. What is the remainder when 74 is divided by x(0)?
17
Let h(f) = 3*f**3 + 1. Let y be h(-1). Let l = 6 + y. Calculate the remainder when 9 is divided by l.
1
Suppose 0 = 5*z - 128 - 197. Let y(r) = -6*r + 3. Let g be y(4). Let w = 1 - g. Calculate the remainder when z is divided by w.
21
Let p be ((-1)/(-2))/(4/16). Suppose -75 = p*g - 7*g. Suppose 5*t - 15 = g. What is the remainder when 16 is divided by t?
4
Suppose -12 = j - 2*j. Let w = -142 - -200. Calculate the remainder when w is divided by j.
10
Let j(a) = -a - 3. Let y = -1 + 1. Suppose 0*k + k - 8 = y. What is the remainder when k is divided by j(-6)?
2
Suppose -3*i + 23 - 2 = 0. Calculate the remainder when 13 is divided by i.
6
Suppose r - 170 = -5*y, 5*y - 3*r = -2*r + 160. Let a(x) = -x**3 - 3*x**2 - 4*x - 6. Calculate the remainder when a(-5) is divided by y.
31
Suppose -17*u + 164 = -13*u. What is the remainder when u is divided by 14?
13
Suppose 18 = 9*d - 7*d. What is the remainder when 44 is divided by d?
8
Suppose -57 = 28*q - 169. Let j = -9 + 17. Calculate the remainder when j is divided by q.
0
Let j(u) = -u - 7. What is the remainder when 151 is divided by j(-26)?
18
Suppose 0 = -3*z - 3*m + 180, 0*m - 190 = -3*z + 2*m. Calculate the remainder when z is divided by 13.
10
Calculate the remainder when 7/(63/6)*21 is divided by (3 + -2 + 1)*4.
6
Suppose 16 + 14 = -5*x. Let k(j) = -j**2 - 6*j + 4. Let b be k(x). Suppose 54 = 5*a - b*c - 28, c + 3 = 0. Calculate the remainder when 41 is divided by a.
13
Let b(p) = 3*p**2 + 10*p + 5. What is the remainder when 23 is divided by b(-4)?
10
Let o(b) = -5*b**2 - 16 + b**2 - 12*b + 4*b**2 + b**2. What is the remainder when 43 is divided by o(14)?
7
What is the remainder when (-3)/7 + 404/28 is divided by 6?
2
Suppose -26 - 16 = -6*w. Calculate the remainder when 48 is divided by w.
6
Suppose 5*y = c + 75, -3*c - 20 = -7*c. Calculate the remainder when 62 is divided by y.
14
Let m(u) = 11*u**3 - u + 1. Suppose -5*k + 8 = -k. Suppose 2*n = -3*o + 7, -k*o - 5*n = -4*n - 4. What is the remainder when 41 is divided by m(o)?
8
Suppose -12 = -3*i + 4*i + 4*h, -3*i - h = -8. Calculate the remainder when i is divided by 2.
0
Let m(g) = g + 5. Let y be m(-5). Suppose -a + c + 25 = -2*c, -c = -5*a + 83. Let z = a - y. What is the remainder when 31 is divided by z?
15
Let z(y) = y**3 + 5*y**2 - y + 1. Let l = 2 - 7. What is the remainder when 17 is divided by z(l)?
5
Let q = -122 - -218. What is the remainder when q is divided by 33?
30
Let h(t) = t**3 - 4*t - 1. Let c(y) = y**2 - y - 3. Let m be c(3). What is the remainder when h(m) is divided by 8?
6
Let j = 4 + 5. What is the remainder when (-1639)/(-66) - (-1 + 5/6) is divided by j?
7
Suppose -7 = 3*u - 1. What is the remainder when u + 51 - (-6)/(-2) is divided by 12?
10
Let r(d) = -4*d + 2*d + 3*d - 4. Let n be r(5). Calculate the remainder when 10 is divided by (n - 21/15)*-10.
2
Suppose 7*y + 2 = 8*y. Suppose 0 = 3*z + y*z - 50. What is the remainder when z is divided by 6?
4
Suppose -2*f + 4*f = -12. What is the remainder when 4/(-6) + (-100)/f is divided by 2*1*99/22?
7
Let s be (-6)/12 + (-1)/(-2). Let x(k) = k**2 - 2*k + 2*k + 0*k + 14. What is the remainder when 26 is divided by x(s)?
12
Let t(n) = 14*n - 69. Calculate the remainder when t(6) is divided by 6.
3
Let r(o) = -17*o + 4. Let m be r(-3). Suppose 4*j - 9 = m. Calculate the remainder when j is divided by (-1)/2*(7 + -25).
7
Let c(q) be the second derivative of q**